9
Let i(p) = 27*p**3 - 36*p**2 + 169*p + 7. What are the prime factors of i(6)?
5557
Let l(a) = 2*a**3 + 7*a**2 - 11. Let d be l(5). Suppose -9*o + d = -6*o. List the prime factors of o.
2, 3, 23
Let d(k) = 5*k**2 - 35*k - 61. List the prime factors of d(-27).
7, 647
Suppose 0 = -17*c + 19*c - 1402. What are the prime factors of c?
701
Let s(n) = n**3 + 6*n**2 - 15*n + 10. Let m be s(-8). Suppose 5*u + 33 = -4*g, -m*g = -0*u + 5*u + 19. What are the prime factors of (966/9)/g*-3?
2, 23
Let a = 1 + 123. Let j = a + -14. List the prime factors of j.
2, 5, 11
Suppose 0 = -r - 5, 3*n + 2*r + 8 = n. Suppose n = 2*m - 15. Let h = m + -4. What are the prime factors of h?
2
Let f = -16 - -20. Suppose -u + 12 - 296 = -f*o, -u + 276 = 4*o. What are the prime factors of o?
2, 5, 7
Let v = 859 + -632. List the prime factors of v.
227
Suppose -10001 = -40*v + 7679. What are the prime factors of v?
2, 13, 17
Let t(f) = -30*f - 13 - 10 + 27. Let j be t(-2). Suppose 0 = -0*i - 4*i + j. What are the prime factors of i?
2
Let f(m) = -1. Let c(q) = -9*q - 9. Let j(o) = c(o) - 15*f(o). Let r be j(-5). Suppose 3*d - 4*u = -u + 51, 3*d - r = 2*u. What are the prime factors of d?
17
Suppose 0 = -24*f + 347 + 2821. List the prime factors of f.
2, 3, 11
Suppose 2*p = r - 144, 0*p + 2*p - 144 = -r. What are the prime factors of r?
2, 3
Suppose 45 = -0*o + 3*o. Let m be ((-18)/45)/((-1)/o). What are the prime factors of (-7 + m)/(1/(-39))?
3, 13
Let q be 21/12 - ((-1)/(-4))/(-1). Suppose 15 = -5*u, -3*p - q*u = -0*p - 276. What are the prime factors of p?
2, 47
Suppose -4*y = 5*r - 645 - 1617, 0 = 4*y + 8. What are the prime factors of r?
2, 227
Let w(m) = 2*m**3 + 29*m**2 + 30*m - 17. What are the prime factors of w(-11)?
2, 5
Let g(d) = d**2 - 6*d - 21. Let v be g(9). Suppose -3*m + 38 = 5*b, 5*b = 2*b - 15. List the prime factors of (-2)/v - (-217)/m.
2, 5
Let j(q) = q**3 - 13*q**2 + 24*q - 17. Let i be j(11). Suppose -4*o + 255 = i*g - 390, -5*g = 3*o - 490. What are the prime factors of o?
5, 31
Suppose 3*z - 2*i - 56 = -0, z - 3*i - 28 = 0. Suppose -4*h = 40 + z. Let l = 42 + h. What are the prime factors of l?
2, 7
Suppose -b - 5*f - 3 = -0, 3*b - f = 23. Suppose -c + y = -b, 5*c + y - 5 = -0*y. Suppose -h = c*h - 15. What are the prime factors of h?
5
Suppose -n = -7 - 2. Suppose -2*d + n = -149. What are the prime factors of d?
79
Suppose 0*n - 1 = -n. Let j(t) = 167*t**2 + 1. What are the prime factors of j(n)?
2, 3, 7
Let b(z) = z + 15. Let y be b(-5). Let d = y + 22. List the prime factors of d.
2
Suppose 0 = -2*k + 4, 4*k - 626 = -2*c + 22. What are the prime factors of c?
2, 5
Let b(p) = 2*p**3 + 2*p**2 - 3*p - 5. Let s be b(-2). Let g(m) = -m**3 - 5*m**2 - 11*m + 4. List the prime factors of g(s).
179
Let x be 24/40 - 7/(-5). Let y be (4/(-8) - 0)*x. What are the prime factors of 9*(4/(-4))/y?
3
Suppose 9*p = 3*p + 18. Let x be 5/(p + (-1)/2). Suppose -113 = -x*j - 3*v, 4*v + 1 - 65 = -j. What are the prime factors of j?
2, 13
Let x(b) = -2*b + 0*b**2 - 1 + 3*b**2 - 4*b**2 + 24. Suppose 0*t = -t. What are the prime factors of x(t)?
23
Let t = 9724 + -5842. List the prime factors of t.
2, 3, 647
Let d(g) = -15*g + 2. Let z be d(7). Let j = -13 - z. List the prime factors of j.
2, 3, 5
Suppose 0 = 2*d - 5*h - 1268, 2*d + 4*h + 628 = 3*d. What are the prime factors of d?
2, 7, 23
Suppose 0*w = -8*w + 24. Suppose -w*n - j + 745 = 0, -j = 2*n - 236 - 262. What are the prime factors of n?
13, 19
Suppose 3*a - 911 + 107 = 2*z, -2*a = -z - 535. Suppose 13*l - 6*l = a. What are the prime factors of l?
2, 19
List the prime factors of ((-21)/105 - 0)/(1/(-5845)).
7, 167
Suppose 0 = -4*o + 4*z + 7080, 4*o - 15*z + 16*z = 7080. What are the prime factors of o?
2, 3, 5, 59
Let h(m) = -2*m**3 + m + 3*m**3 - 4*m**2 + 3*m. Suppose -21*n + 27*n = 18. List the prime factors of h(n).
3
Let t = 39 - 24. Suppose -4*i + i + p + t = 0, p = -4*i + 20. Suppose i*j = -2*a + 26 - 3, 25 = 4*j - 5*a. List the prime factors of j.
5
Let r(c) be the first derivative of c**3 - 3*c**2/2 + 6*c + 8. What are the prime factors of r(7)?
2, 3, 11
Let l = -17 - -6. What are the prime factors of -1 - -1 - (-95 - l)?
2, 3, 7
Let w(r) = r**2 - r - 1. Let g be w(2). Let y(u) = -11*u**3 + u**2 - u + 1. Let z be y(g). List the prime factors of 40/16*(-8)/z.
2
Let i(o) = -3*o - 21. Let t be i(-8). Suppose -3*k - n + 244 = 0, 5*k - n - 401 = t*n. What are the prime factors of k?
3
Suppose -5*t = -0*y - y - 804, 487 = 3*t + 4*y. List the prime factors of t + -4 + 20/5.
7, 23
List the prime factors of 2/((-16)/(-3062)) - (-60)/240.
383
List the prime factors of (33 - 30) + (3289 - 2).
2, 5, 7, 47
Suppose -r - 4*r = -160. Let w = 77 - r. Suppose -3*z + 6*z = 0, 5*m + z = w. List the prime factors of m.
3
Suppose 0 = -2*r - 5*a + 2642, -a + 5248 = 4*r - 0*r. List the prime factors of r.
3, 19, 23
Let d(v) = 20*v + 27. List the prime factors of d(18).
3, 43
Let y(j) = 1482*j**2 + 18*j + 17. List the prime factors of y(-1).
1481
Suppose 15*t + 5*v - 446 = 13*t, 446 = 2*t - v. List the prime factors of t.
223
Suppose 0 = -4*t + 175 + 881. Suppose p + b = 4, -1 = -p + 3*b + 7. Suppose p*s = s + t. What are the prime factors of s?
2, 3, 11
Let w = 72 + -72. What are the prime factors of 6 - (w + ((-12)/4 - -4))?
5
Let u(h) = 21*h**2 - 24*h + 84. What are the prime factors of u(11)?
3, 787
Let v(s) = s**2 - s + 1. Let f be v(-1). Suppose -f*l + 560 - 107 = 0. What are the prime factors of l?
151
List the prime factors of (241560/(-61))/((-6)/4).
2, 3, 5, 11
Let o = -234 + 453. Suppose -6*s + 3*s + o = 0. What are the prime factors of s?
73
Suppose -5*b - 5*p = -65, 2*b - 11 = b + p. Suppose -11*j - 32 = -b*j. List the prime factors of j.
2
Let j = 0 - -121. Let n = -64 + j. What are the prime factors of n?
3, 19
Let m(c) = c**2 + 9*c + 2. Let o be m(-9). List the prime factors of (-5)/(-10) - (-145)/o.
73
Suppose -26514 = -24*q + 18*q. List the prime factors of q.
3, 491
Let v(c) = -c**3 + 24*c**2 - 3*c - 54. List the prime factors of v(23).
2, 7, 29
Let m(y) be the second derivative of 1/3*y**3 + 0*y**2 + 0 + 1/6*y**4 + 3*y. What are the prime factors of m(-3)?
2, 3
Let d = 3 - 6. Let g be (-1)/(d/(-18)) + 2. Let y(r) = r**2 - 2*r - 5. What are the prime factors of y(g)?
19
Let i = -545 - -960. What are the prime factors of i?
5, 83
Let s = 903 + 665. List the prime factors of s.
2, 7
Let t(z) = -1938*z**3 - 2*z - 1. List the prime factors of t(-1).
7, 277
Let o(r) = -2*r + 20. Let f be o(10). Suppose f*x = x. Suppose x = -4*u + 6*u - 92. What are the prime factors of u?
2, 23
Let t(p) = 11*p**3 + 2*p - 2. Let m be t(2). Let q = m - -16. List the prime factors of q.
2, 53
Suppose -23*f + 26*f = 519. List the prime factors of f.
173
Let q(n) = n**3 + 14*n**2 - 38*n - 11. Let h be q(-16). Suppose 5*f + 4*m = h + 90, 2*f = -3*m + 77. What are the prime factors of f?
31
Let r(t) = t**3 + 22*t**2 + 20*t - 20. Let x be r(-21). List the prime factors of 156/18*(14 + x).
2, 5, 13
Let h(t) = -5*t**2 - 5*t + 9. Let p(a) = -a**2 + a. Let g(l) = -h(l) + 2*p(l). Let o be g(-7). Suppose -11 = -2*c + o. What are the prime factors of c?
2, 5
Let w(s) = -4*s**3 - 2*s**2 + 6*s + 4. Let u be (6/10)/(7/(-35)). What are the prime factors of w(u)?
2, 19
Let j = 2 - -28. Suppose 3*g = 69 + j. What are the prime factors of g?
3, 11
Let r be (-197)/(-4) + 1/(-4). Let o = r - 15. Suppose o + 78 = 4*t. List the prime factors of t.
2, 7
Let r(v) = v**2 + 8*v + 9. Let h be r(-7). Suppose 3*n - 2*i + 28 = -n, -h*n - 8 = -4*i. Let z = 23 + n. What are the prime factors of z?
3, 5
Suppose 6 = p + 2. Let q be 0/((-5 - -2) + p). Suppose 3*j - 58 = 4*o, q*o - 2 = 2*o. List the prime factors of j.
2, 3
Let w(t) = 14*t**2 - 28*t + 67. List the prime factors of w(10).
1187
What are the prime factors of ((-64)/80)/((-10)/22075)?
2, 883
Suppose 4 = 3*g - g. Suppose -g*r + 286 = 3*t, -t + 58 = r - 39. What are the prime factors of t?
2, 23
Suppose -27931 = -52*y - y. List the prime factors of y.
17, 31
Let o(k) = -k**3 - 22*k**2 + 3*k + 34. List the prime factors of o(-24).
2, 557
Suppose -8227 = -12*q - 43. Suppose q = 4*l + 38. What are the prime factors of l?
7, 23
Let m = 3 - 33. Let q be (-36)/m*10/4. Suppose 0 = -0*x + q*x + 3*z - 39, -35 = 